{"id":83,"date":"2014-02-03T18:15:07","date_gmt":"2014-02-03T16:15:07","guid":{"rendered":"http:\/\/svl-volleys.de\/?page_id=83"},"modified":"2025-12-10T16:48:19","modified_gmt":"2025-12-10T15:48:19","slug":"termine","status":"publish","type":"page","link":"https:\/\/svl-volleys.de\/?page_id=83","title":{"rendered":"Termine 2026"},"content":{"rendered":"\n<p>Demn\u00e4chst!<\/p>\n\n\n\n<p><\/p>\n\n\n\n<h2 class=\"wp-block-heading\"><strong>Termine 2023<\/strong><\/h2>\n\n\n\n<p><\/p>\n\n\n<p><strong>Events f\u00fcr Okt.\/Nov.\/Dez. 2023<\/strong><\/p>\n<ul>\n<li>\u00a0 <strong>9. Oktober 23\u00a0 :\u00a0 Einladung des Postsportvereins<\/strong> Leer zur UEG &#8211; Halle<\/li>\n<li><\/li>\n<li><strong>11.Oktober 23\u00a0 : Gallimarktsrundgang<\/strong> Treff 19.30 Uhr Rathaustreppe<\/li>\n<li><\/li>\n<li><strong>Freitag, 24. November 23 : Vorweihnachtliches Event<\/strong> \u00a0\u00a0 :Wir treffen uns um 18.30 Uhr bei der Sparkasse in Leer (Hinterausgang!), dann geht es in Richtung Julianenpark mit Fackeln und gef\u00fclltem Bollerwagen,\u00a0 f\u00fcr Getr\u00e4nke u.\u00e4. sorgt der Festausschuss (aber auch \u00fcber andere mitgebrachte&#8220;Schweinereien&#8220; wird sich jeder freuen); nach einer \u00fcberraschenden Performance im Park gehen wir um 20 Uhr zum Pizzast\u00fcbchen am Logaer Weg 96 (www.pizzastuebchen.eu),\u00a0\u00a0\u00a0\u00a0\u00a0\u00a0\u00a0\u00a0\u00a0\u00a0\u00a0\u00a0\u00a0\u00a0\u00a0\u00a0\u00a0\u00a0\u00a0\u00a0\u00a0\u00a0\u00a0 dort:<\/li>\n<li>&#8211;\u00a0\u00a0 kleiner Imbiss<\/li>\n<li>&#8211;\u00a0\u00a0 Info und Orga \u00fcber das Traditionelle Weihnachtsvolleyballturnier<\/li>\n<li>&#8211;\u00a0\u00a0 Bekanntgabe des Weihnachtsmannes und seiner Engel<\/li>\n<li>&#8211;\u00a0\u00a0 Musik, Tanz und &#8230;<\/li>\n<li>&#8211;\u00a0\u00a0 etc<\/li>\n<\/ul>\n<p>Anmeldung unter Wotts \u00c4pp w\u00fcnschenswert<\/p>\n<p><strong>18.Dezember 23 : 14. Traditionelles Weihnachtsvolleyballturnier<\/strong> in der BBS-Halle mit Mannschaften aus der Region, Beginn 18.00 Uhr<\/p>\n<p>(<strong>siehe Rubrik: Weihnachtsturniere)<\/strong><\/p>\n<p>Die Teilnahme ist &#8211; aus Kapazit\u00e4tsgr\u00fcnden auf 12 Mannschaften beschr\u00e4nkt. Ausschreibungen und Presse-Info ab Ende November.<\/p>\n<p>Hinweis:Nichts f\u00fcr Warmduscher: die Duschen sind und bleiben kalt.<\/p>\n<p><strong>\u00a0<\/strong><\/p>","protected":false},"excerpt":{"rendered":"<p>Demn\u00e4chst! Termine 2023 Events f\u00fcr Okt.\/Nov.\/Dez. 2023 \u00a0 9. Oktober 23\u00a0 :\u00a0 Einladung des Postsportvereins Leer zur UEG &#8211; Halle 11.Oktober 23\u00a0 : Gallimarktsrundgang Treff 19.30 Uhr Rathaustreppe Freitag, 24. November 23 : Vorweihnachtliches Event \u00a0\u00a0 :Wir treffen uns um 18.30 Uhr bei der Sparkasse in Leer (Hinterausgang!), dann geht es in Richtung Julianenpark mit &hellip; <a href=\"https:\/\/svl-volleys.de\/?page_id=83\" class=\"more-link\"><span class=\"screen-reader-text\">Termine 2026<\/span> weiterlesen <span class=\"meta-nav\">&rarr;<\/span><\/a><\/p>\n","protected":false},"author":2,"featured_media":0,"parent":0,"menu_order":0,"comment_status":"open","ping_status":"closed","template":"","meta":{"ngg_post_thumbnail":0,"footnotes":""},"class_list":["post-83","page","type-page","status-publish","hentry"],"_links":{"self":[{"href":"https:\/\/svl-volleys.de\/index.php?rest_route=\/wp\/v2\/pages\/83","targetHints":{"allow":["GET"]}}],"collection":[{"href":"https:\/\/svl-volleys.de\/index.php?rest_route=\/wp\/v2\/pages"}],"about":[{"href":"https:\/\/svl-volleys.de\/index.php?rest_route=\/wp\/v2\/types\/page"}],"author":[{"embeddable":true,"href":"https:\/\/svl-volleys.de\/index.php?rest_route=\/wp\/v2\/users\/2"}],"replies":[{"embeddable":true,"href":"https:\/\/svl-volleys.de\/index.php?rest_route=%2Fwp%2Fv2%2Fcomments&post=83"}],"version-history":[{"count":140,"href":"https:\/\/svl-volleys.de\/index.php?rest_route=\/wp\/v2\/pages\/83\/revisions"}],"predecessor-version":[{"id":1421,"href":"https:\/\/svl-volleys.de\/index.php?rest_route=\/wp\/v2\/pages\/83\/revisions\/1421"}],"wp:attachment":[{"href":"https:\/\/svl-volleys.de\/index.php?rest_route=%2Fwp%2Fv2%2Fmedia&parent=83"}],"curies":[{"name":"wp","href":"https:\/\/api.w.org\/{rel}","templated":true}]}}